hen q is divided by (-1)/(2/(-9))*2.
8
Suppose -4*c - 24 = -76. What is the remainder when 89 is divided by c?
11
Let u = 288 - 199. What is the remainder when u is divided by 5?
4
Let x be (-3)/6*2 + 33. Let g = x + -18. Calculate the remainder when 27 is divided by g.
13
Suppose -4 = -y + 5*t, -4*y + y = -2*t + 14. Let r be (-4)/((-2)/y*2). What is the remainder when 55 is divided by 19 + r + 3 - 2?
13
Suppose -5*q + 4*a - 3*a + 22 = 0, -4*a = -12. Let m = 662 + -655. Calculate the remainder when m is divided by q.
2
Let c(x) = -x + 18. Let t be c(15). Suppose -3*f = t*j - 21, f = 5*j + 3*f - 26. What is the remainder when j is divided by 2?
0
Suppose 4*q = s + 3*s - 40, 4 = s - 4*q. What is the remainder when 32 is divided by s?
8
Let a = -15 + 22. What is the remainder when -2*19*(-2)/4 is divided by a?
5
Let m = 1 + 29. What is the remainder when 118 is divided by m?
28
Suppose 3*s - 37 = 32. Calculate the remainder when 45 is divided by s.
22
Let k(c) = 83*c**2 - 2*c - 1. What is the remainder when k(-1) is divided by 30 + 0 + 2/(-2)?
26
Calculate the remainder when 11 is divided by 16/28 - 135/(-21).
4
Let n = 373 + -223. Calculate the remainder when n is divided by 38.
36
Let h(q) = -6*q + 30. What is the remainder when h(0) is divided by 11?
8
Suppose 2*j = 10 - 0. Let l = j - 1. Calculate the remainder when 6 is divided by l.
2
Let w = 15 - 5. Let m be 1/2 + (-5)/(-2). Suppose 0 = -2*f + m*f - 27. What is the remainder when f is divided by w?
7
Let r(j) = -13*j**2 - 4. Let q(c) = 1. Let l(o) = -5*q(o) - r(o). Suppose 3*h = 8*h - n - 7, -h - n - 1 = 0. What is the remainder when 35 is divided by l(h)?
11
Let r = 52 - 25. Let m = 22 - 11. Suppose p = r - m. What is the remainder when 30 is divided by p?
14
Suppose -2*u + 13 = -17. Calculate the remainder when 37 is divided by u.
7
Let j(o) = o**3 - 4*o**2 - o - 1. What is the remainder when 75 is divided by j(5)?
18
Calculate the remainder when 15 is divided by -6 - -2 - -3 - -5.
3
Let t(p) = p**2 + 4*p - 3. Let h be t(-5). Suppose -2*v - 2 - 5 = -3*m, -h*v + 5 = m. What is the remainder when 5 is divided by m?
2
Let t(m) = -m - 5. Let h be t(-7). Let g be (-24 + 0)*(-4)/6. Suppose -48 = -h*i + g. Calculate the remainder when i is divided by 17.
15
Suppose -15*w + 17*w = 38. What is the remainder when w is divided by 5?
4
Let t(p) = 27*p**2 + 2*p + 2. What is the remainder when t(-1) is divided by 7?
6
Let u be 7/(0 + (-2)/(-6)). Let y = u - 6. What is the remainder when 57 is divided by y?
12
Suppose -6 = -4*u + 2*u. Let d(h) = h + 3. What is the remainder when ((-4)/10)/(2/(-50)) is divided by d(u)?
4
Let t(g) = 4*g**2 - 7*g - 14. What is the remainder when 85 is divided by t(-3)?
42
Let h(j) = -3*j + 1. What is the remainder when h(-7) is divided by 1*(6 - (-1 + -1))?
6
Suppose -6*o + 75 = -o. What is the remainder when 24 is divided by o?
9
Let p = 135 + -126. What is the remainder when p is divided by 3?
0
Suppose 4*w - 78 - 154 = 0. Calculate the remainder when w is divided by 15.
13
Suppose d + 2*d - 195 = -2*k, d - 75 = -4*k. What is the remainder when d is divided by 13?
11
Let t be (-1)/3 + (-7)/(-3). Let z be (1 + -2)/(3/(-3)). Calculate the remainder when 2/z - (t - 4) is divided by 2.
0
What is the remainder when 114 is divided by ((-6)/9)/((-6)/261)?
27
Suppose 5*l + 5 = 0, -60 = -4*u - 3*l + 249. Suppose 3*f + u = 4*r, 4*f = -0*f + 8. What is the remainder when r is divided by 11?
10
Suppose u + 3*u = 24. Let h = 20 + u. What is the remainder when h is divided by 9?
8
Suppose 0 = 2*t - 4*t + 6, -4*t = -k + 49. Calculate the remainder when k is divided by 21.
19
Let r(n) = n**2 - 2*n. Let m(u) = -11*u - u**2 - 3*u**2 + 3*u**2 - 10. Calculate the remainder when r(-5) is divided by m(-7).
17
Suppose -7 = 5*x - 5*f - 17, f - 3 = 0. Suppose -2*v + v + 35 = 2*r, -2*v = x*r - 87. Calculate the remainder when r is divided by 6.
5
Let x(a) = -a**2 + 5. Let o be x(0). Let c = 5 + o. What is the remainder when 28 is divided by c?
8
Suppose -5*d + 2*d + 42 = 0. Let n(f) = f**3 + 7*f**2 - 9*f - 1. What is the remainder when n(-8) is divided by (-4)/14 - (-60)/d?
3
Let w(b) = 20*b - 1. Let n(h) = h - 1. Let u(g) = 4*n(g) - w(g). Suppose 52 = 4*z - 4*c, z - c - 5 = 4*c. What is the remainder when u(-2) is divided by z?
14
Let o = 36 - 21. Calculate the remainder when 55 is divided by o.
10
Let h(y) = 0*y**3 + 2 + 1 + y**3 + y + 3*y**2. Let w be h(-3). Calculate the remainder when 2*7*(w - -1) is divided by 8.
6
Let p(z) = z**2 + 5*z - 16. Suppose -22 = -2*b + b. Calculate the remainder when b is divided by p(-8).
6
Suppose -2*p - 2*p = -40. Suppose 8*o = 4*o - 72. What is the remainder when (-3 - -2) + (1 - o) is divided by p?
8
Let q(p) = 2*p**2 + 10*p + 6. Let h be q(-6). Let l = h - -31. What is the remainder when l is divided by 17?
15
Let t be (0 - -3) + (3 - 3). Let r be 2/t - 60/9. Let a = 13 + r. What is the remainder when 12 is divided by a?
5
Let h = -46 - -67. Calculate the remainder when 59 is divided by h.
17
Let a be (9 + -1)*(-12)/24. Calculate the remainder when a/(1/34*-4) is divided by 9.
7
Let v = -14 + 0. What is the remainder when 25/(9 - 4) + 0 is divided by (-2 + v/(-6))*9?
2
Let n = -10 - -39. Let o = 6 - -4. What is the remainder when n is divided by o?
9
Let i(s) = -s + 1. Let a be i(-2). Let k be 5/a*9/3. Suppose -3*v + 2*g = -k*v + 24, -2*v = -4*g - 42. What is the remainder when 29 is divided by v?
14
Let a = -43 + 93. What is the remainder when a is divided by 13?
11
Let q be (-15 - 1)*(-2)/4. Let k(f) = -f**2 + 10*f - 12. Let a be k(q). Suppose a*w - w - 105 = 0. Calculate the remainder when w is divided by 18.
17
Let d(u) be the first derivative of 1/3*u**3 + 3*u**2 - 5*u - 1. What is the remainder when 5 is divided by d(-7)?
1
Let i(t) = t**3 + 8*t**2 + 4*t - 10. Calculate the remainder when 61 is divided by i(-7).
6
What is the remainder when 174 is divided by 0/(2/2) - -44?
42
Let d = 175 + -167. Calculate the remainder when 31 is divided by d.
7
Let b = -42 + 62. What is the remainder when b is divided by 11?
9
Suppose y = 4*o + 50, -2*y = -0*o - 3*o - 80. What is the remainder when y is divided by 5?
4
Suppose -a - 4*a - 15 = 0, 2*x - a - 357 = 0. Suppose p + 2*p - x = 0. Calculate the remainder when p is divided by 15.
14
Let w(l) = -l + 28. Calculate the remainder when w(6) is divided by 8.
6
Suppose 3*c + 6 = -r + 2, -r + 3*c + 26 = 0. Suppose -5*f + 29 = d, 0 = -2*f - 0*f + 4*d + 16. Calculate the remainder when r is divided by f.
5
Let b(y) = -y**3 - y**2 - 4*y - 2. Let j be b(-3). Suppose j = 2*f - 2*p, -3*p = 4*f - 8*p - 56. What is the remainder when ((-40)/(-6))/(4/24) is divided by f?
12
Calculate the remainder when 75/20*(2 + 2) is divided by 8.
7
Suppose -9 - 6 = -5*o. Let k(h) = h**2 + h + 3. What is the remainder when k(-2) is divided by o?
2
Suppose -4*t - g = -25 + 2, 3*t - 2*g - 9 = 0. Suppose 3*h + 2 = 8, t*u + 2*h = 59. What is the remainder when 54 is divided by u?
10
Suppose 4*c = 2*x + 20, 5*c - 40 = 4*x + 12. Let d be (-4)/(x/(-8) - 2). Let y = 27 + d. Calculate the remainder when y is divided by 4.
3
Suppose 3*s - 31 = 71. Suppose 0 = -2*u + 3 + 3. Suppose -u*j + 18 + 18 = 0. What is the remainder when s is divided by j?
10
Let h(o) = 11*o - 15. Calculate the remainder when 48 is divided by h(2).
6
Suppose -3 = -t + 11. Calculate the remainder when 51 is divided by t.
9
Let x = 9 - -6. Calculate the remainder when 27 is divided by x.
12
Let p(k) = k**2 + k + 1. Let r be 2*(-3)/12*-2. Let a = r + 3. Calculate the remainder when p(a) is divided by 11.
10
Let q(n) = -n**2 + 10*n - 5. Suppose -2*v - 2 = -3*v. Suppose -v*r - 80 = -0*a - 2*a, -5*r + 96 = 3*a. What is the remainder when a is divided by q(4)?
18
Suppose 3*s + 3*z = 6 + 18, 4 = -z. Suppose r - 108 = -5*l, -2*r = -4*l + 86 + 6. Calculate the remainder when l is divided by s.
10
Let d = -76 - -125. Calculate the remainder when d is divided by 10.
9
Let a(r) = -7*r - 16. Calculate the remainder when a(-7) is divided by 7.
5
Suppose -13*d = -10*d - 21. What is the remainder when d is divided by 3?
1
Let l(w) = -w**3 + w**2 - w + 50. Suppose -12 = -b - z, -25 = 3*z + 2*z. Calculate the remainder when l(0) is divided by b.
16
Let s(z) = 2*z**2 - 4*z - 17. Calculate the